{"id":47,"date":"2020-08-03T11:17:35","date_gmt":"2020-08-03T11:17:35","guid":{"rendered":"http:\/\/hellelundgreen.dk\/?page_id=47"},"modified":"2024-03-04T10:14:27","modified_gmt":"2024-03-04T10:14:27","slug":"referencer","status":"publish","type":"page","link":"https:\/\/hellelundgreen.dk\/?page_id=47","title":{"rendered":"Referencer"},"content":{"rendered":"\n<figure class=\"wp-block-image size-large\"><img loading=\"lazy\" decoding=\"async\" width=\"1024\" height=\"168\" src=\"http:\/\/hellelundgreen.dk\/wp-content\/uploads\/2020\/08\/Banner-1-1024x168.jpg\" alt=\"\" class=\"wp-image-103\" srcset=\"https:\/\/hellelundgreen.dk\/wp-content\/uploads\/2020\/08\/Banner-1-1024x168.jpg 1024w, https:\/\/hellelundgreen.dk\/wp-content\/uploads\/2020\/08\/Banner-1-300x49.jpg 300w, https:\/\/hellelundgreen.dk\/wp-content\/uploads\/2020\/08\/Banner-1-768x126.jpg 768w, https:\/\/hellelundgreen.dk\/wp-content\/uploads\/2020\/08\/Banner-1-1536x252.jpg 1536w, https:\/\/hellelundgreen.dk\/wp-content\/uploads\/2020\/08\/Banner-1-2048x336.jpg 2048w\" sizes=\"auto, (max-width: 767px) 89vw, (max-width: 1000px) 54vw, (max-width: 1071px) 543px, 580px\" \/><\/figure>\n\n\n\n<p>&#8220;Da jeg blev ramt af alvorlig sygdom og desperat fors\u00f8gte at hitte rede i love\/paragraffer, bureaukrati og indviklede forsikringsbetingelser mistede jeg fuldst\u00e6ndig overblikket og blev sl\u00e5et helt ud. Heldigvis var jeg s\u00e5 heldig, at Helle Lundgreen midt i forl\u00f8bet blev tilknyttet min forsikrings-&nbsp;og sygedagpengesag.&nbsp;<br>Hurtigt fik Helle skabt et overblik over min situation og mine muligheder, som hun form\u00e5ede at redeg\u00f8re for i et forst\u00e5eligt sprog. Det var derfor en meget stor hj\u00e6lp at m\u00f8de en s\u00e5 faglig st\u00e6rk person som Helle Lundgreen, der tilmed p\u00e5 empatisk og tillidsv\u00e6kkende facon tog h\u00e5nd om mig og min sag og hjalp mig igennem junglen af papir og regler i en meget sv\u00e6r tid&#8221;.&nbsp;<\/p>\n\n\n\n<p class=\"has-text-align-right\">Eva H tidligere HR chef i den finansielle sektor<\/p>\n\n\n\n<figure class=\"wp-block-image size-large is-resized\"><img loading=\"lazy\" decoding=\"async\" src=\"http:\/\/hellelundgreen.dk\/wp-content\/uploads\/2020\/08\/Banner-lille-11-1024x13.jpg\" alt=\"\" class=\"wp-image-187\" width=\"674\" height=\"8\" srcset=\"https:\/\/hellelundgreen.dk\/wp-content\/uploads\/2020\/08\/Banner-lille-11-1024x13.jpg 1024w, https:\/\/hellelundgreen.dk\/wp-content\/uploads\/2020\/08\/Banner-lille-11-300x4.jpg 300w, https:\/\/hellelundgreen.dk\/wp-content\/uploads\/2020\/08\/Banner-lille-11-768x9.jpg 768w, https:\/\/hellelundgreen.dk\/wp-content\/uploads\/2020\/08\/Banner-lille-11-1536x19.jpg 1536w, https:\/\/hellelundgreen.dk\/wp-content\/uploads\/2020\/08\/Banner-lille-11-2048x25.jpg 2048w\" sizes=\"auto, (max-width: 674px) 100vw, 674px\" \/><\/figure>\n\n\n\n<p>&#8220;Jeg blev diagnosticeret med en alvorlig uhelbredelig sygdom som 42-\u00e5rig,  og alenemor til en 2-\u00e5rig. Efter knapt et par \u00e5r, syntes jeg ikke, at jeg jobm\u00e6ssigt kunne holde til det mere og ville derfor s\u00f8ge om fleksjob. Jeg var meget nerv\u00f8s for b\u00e5de min jobsituation, men ogs\u00e5 for min fremtidige \u00f8konomi.<br>Jeg var s\u00e5 heldig, at min arbejdsplads satte mig i kontakt med Helle Lundgreen.<br>Jeg troede kun, at jeg skulle holde et enkelt m\u00f8de med Helle, men nej. Fra den f\u00f8rste dag og til mit fleksjob var p\u00e5 plads, var Helle dedikeret min sag. Jeg husker, at jeg syntes, at det var en uh\u00f8rt luksus. Helle var altid et skridt foran, vidste hvad der nu skulle ske. Hun var bisidder ved alle m\u00f8derne og havde styr p\u00e5 alle dokumenter, tidsfrister, og muligheder.<br>Jeg blev simpelthen b\u00e5ret igennem processen.<br><\/p>\n\n\n\n<p class=\"has-text-align-right\">Tina N, tidligere projektleder i medicinalindustrien<\/p>\n\n\n\n<figure class=\"wp-block-image size-large is-resized\"><img loading=\"lazy\" decoding=\"async\" src=\"http:\/\/hellelundgreen.dk\/wp-content\/uploads\/2020\/08\/Banner-lille-9-1024x13.jpg\" alt=\"\" class=\"wp-image-172\" width=\"674\" height=\"8\" srcset=\"https:\/\/hellelundgreen.dk\/wp-content\/uploads\/2020\/08\/Banner-lille-9-1024x13.jpg 1024w, https:\/\/hellelundgreen.dk\/wp-content\/uploads\/2020\/08\/Banner-lille-9-300x4.jpg 300w, https:\/\/hellelundgreen.dk\/wp-content\/uploads\/2020\/08\/Banner-lille-9-768x9.jpg 768w, https:\/\/hellelundgreen.dk\/wp-content\/uploads\/2020\/08\/Banner-lille-9-1536x19.jpg 1536w, https:\/\/hellelundgreen.dk\/wp-content\/uploads\/2020\/08\/Banner-lille-9-2048x25.jpg 2048w\" sizes=\"auto, (max-width: 674px) 100vw, 674px\" \/><\/figure>\n\n\n\n<p>&#8220;I august 2010 blev min kone indlagt p\u00e5 Aarhus Universitetshospital og kort tid efter indl\u00e6ggelsen blev der konstateret uhelbredelig cancer i sidste stadie.<br>P\u00e5 det tidspunkt var min kone ansat som ingeni\u00f8r i en st\u00f8rre virksomhed indenfor bygge og anl\u00e6g. Jeg var ansat i en mellemstor virksomhed, hvor jeg var en del af ledelsen. Vores b\u00f8rn (tvillinger) var p\u00e5 det tidspunkt 3 \u00e5r.<br>L\u00e6gerne fortalte os, at m\u00e5ske var min kone heldig og havde m\u00e5ske 30 dage tilbage at leve i\u2026<br>Virksomheden, hvor min kone var ansat, foranledigede derfor kontakten til Helle Lundgreen. P\u00e5 det tidspunkt var b\u00e5de min kones \u2013 og mit eget verdensbillede fuldst\u00e6ndig v\u00e6ltet.<br>Det blev til mange samtaler, mails m.m., hvor Helle levede sig fuldst\u00e6ndig ind i vores situation samtidig med, at hun p\u00e5 professionel vis hjalp os i forhold til de mange og sv\u00e6re beslutninger, som der skulle tages p\u00e5 meget kort tid.<br>Jeg oplevede Helle, som en st\u00e6rk personlighed, hvor hendes empati og professionalisme bet\u00f8d, at jeg og min kone havde et fast holdepunkt i forhold til regler, papirer og hvad ellers der dukkede op under forl\u00f8bet.&#8221;<\/p>\n\n\n\n<p class=\"has-text-align-right\">Kim Blaabjerg, Tidligere R&amp;D Manager.<\/p>\n\n\n\n<figure class=\"wp-block-image size-large is-resized\"><img loading=\"lazy\" decoding=\"async\" src=\"http:\/\/hellelundgreen.dk\/wp-content\/uploads\/2020\/08\/Banner-lille-10-1024x13.jpg\" alt=\"\" class=\"wp-image-173\" width=\"674\" height=\"8\" srcset=\"https:\/\/hellelundgreen.dk\/wp-content\/uploads\/2020\/08\/Banner-lille-10-1024x13.jpg 1024w, https:\/\/hellelundgreen.dk\/wp-content\/uploads\/2020\/08\/Banner-lille-10-300x4.jpg 300w, https:\/\/hellelundgreen.dk\/wp-content\/uploads\/2020\/08\/Banner-lille-10-768x9.jpg 768w, https:\/\/hellelundgreen.dk\/wp-content\/uploads\/2020\/08\/Banner-lille-10-1536x19.jpg 1536w, https:\/\/hellelundgreen.dk\/wp-content\/uploads\/2020\/08\/Banner-lille-10-2048x25.jpg 2048w\" sizes=\"auto, (max-width: 674px) 100vw, 674px\" \/><\/figure>\n","protected":false},"excerpt":{"rendered":"<p>&#8220;Da jeg blev ramt af alvorlig sygdom og desperat fors\u00f8gte at hitte rede i love\/paragraffer, bureaukrati og indviklede forsikringsbetingelser mistede jeg fuldst\u00e6ndig overblikket og blev sl\u00e5et helt ud. Heldigvis var jeg s\u00e5 heldig, at Helle Lundgreen midt i forl\u00f8bet blev tilknyttet min forsikrings-&nbsp;og sygedagpengesag.&nbsp;Hurtigt fik Helle skabt et overblik over min situation og mine muligheder, &hellip; <\/p>\n<p class=\"link-more\"><a href=\"https:\/\/hellelundgreen.dk\/?page_id=47\" class=\"more-link\">L\u00e6s videre<span class=\"screen-reader-text\"> &#8220;Referencer&#8221;<\/span><\/a><\/p>\n","protected":false},"author":1,"featured_media":0,"parent":0,"menu_order":0,"comment_status":"closed","ping_status":"closed","template":"","meta":{"footnotes":""},"class_list":["post-47","page","type-page","status-publish","hentry"],"_links":{"self":[{"href":"https:\/\/hellelundgreen.dk\/index.php?rest_route=\/wp\/v2\/pages\/47","targetHints":{"allow":["GET"]}}],"collection":[{"href":"https:\/\/hellelundgreen.dk\/index.php?rest_route=\/wp\/v2\/pages"}],"about":[{"href":"https:\/\/hellelundgreen.dk\/index.php?rest_route=\/wp\/v2\/types\/page"}],"author":[{"embeddable":true,"href":"https:\/\/hellelundgreen.dk\/index.php?rest_route=\/wp\/v2\/users\/1"}],"replies":[{"embeddable":true,"href":"https:\/\/hellelundgreen.dk\/index.php?rest_route=%2Fwp%2Fv2%2Fcomments&post=47"}],"version-history":[{"count":10,"href":"https:\/\/hellelundgreen.dk\/index.php?rest_route=\/wp\/v2\/pages\/47\/revisions"}],"predecessor-version":[{"id":287,"href":"https:\/\/hellelundgreen.dk\/index.php?rest_route=\/wp\/v2\/pages\/47\/revisions\/287"}],"wp:attachment":[{"href":"https:\/\/hellelundgreen.dk\/index.php?rest_route=%2Fwp%2Fv2%2Fmedia&parent=47"}],"curies":[{"name":"wp","href":"https:\/\/api.w.org\/{rel}","templated":true}]}}